25 and 425?
25
Calculate the greatest common factor of 210 and 150.
30
Calculate the highest common divisor of 34 and 1802.
34
What is the greatest common divisor of 152 and 24?
8
Calculate the greatest common factor of 1175 and 3760.
235
What is the highest common factor of 20 and 335?
5
What is the greatest common divisor of 115 and 160?
5
Calculate the greatest common divisor of 4 and 44.
4
What is the highest common divisor of 1284 and 24?
12
Calculate the highest common factor of 1332 and 481.
37
What is the greatest common divisor of 459 and 81?
27
What is the highest common divisor of 156 and 364?
52
Calculate the highest common divisor of 7854 and 132.
66
Calculate the highest common divisor of 441 and 126.
63
Calculate the highest common factor of 189 and 210.
21
What is the highest common divisor of 54 and 522?
18
Calculate the highest common divisor of 341 and 33.
11
What is the greatest common factor of 1134 and 210?
42
Calculate the highest common divisor of 230 and 20.
10
Calculate the highest common factor of 160 and 1240.
40
What is the highest common factor of 60 and 885?
15
Calculate the greatest common divisor of 1157 and 267.
89
What is the highest common factor of 9 and 129?
3
Calculate the highest common divisor of 297 and 22.
11
Calculate the highest common factor of 696 and 135.
3
What is the greatest common factor of 518 and 70?
14
Calculate the highest common factor of 3848 and 16.
8
Calculate the highest common divisor of 1000 and 24.
8
What is the highest common divisor of 297 and 8217?
99
Calculate the greatest common factor of 49 and 2891.
49
What is the highest common divisor of 178 and 801?
89
Calculate the greatest common divisor of 13 and 143.
13
What is the highest common divisor of 5 and 15230?
5
Calculate the greatest common divisor of 1136 and 1440.
16
Calculate the highest common factor of 544 and 68.
68
Calculate the highest common divisor of 45 and 375.
15
What is the greatest common factor of 127 and 1651?
127
What is the highest common divisor of 18 and 3879?
9
What is the greatest common divisor of 31560 and 120?
120
Calculate the highest common divisor of 1058 and 46.
46
What is the highest common factor of 4 and 956?
4
Calculate the greatest common divisor of 56 and 8.
8
Calculate the highest common factor of 2 and 4452.
2
What is the greatest common factor of 494 and 1406?
38
What is the greatest common divisor of 68 and 748?
68
What is the greatest common divisor of 13 and 6656?
13
Calculate the highest common divisor of 10206 and 168.
42
What is the highest common divisor of 18 and 1458?
18
Calculate the highest common divisor of 14 and 273.
7
What is the greatest common factor of 30 and 3786?
6
What is the highest common factor of 912 and 48?
48
Calculate the highest common divisor of 16 and 3184.
16
What is the greatest common divisor of 312 and 104?
104
Calculate the highest common factor of 187 and 1921.
17
Calculate the highest common divisor of 20 and 36.
4
What is the highest common factor of 62 and 31?
31
Calculate the highest common divisor of 24 and 64.
8
What is the highest common divisor of 13 and 104?
13
Calculate the highest common factor of 2200 and 1800.
200
What is the highest common divisor of 235 and 15?
5
Calculate the greatest common factor of 3293 and 2403.
89
What is the highest common divisor of 5404 and 126?
14
Calculate the highest common factor of 12 and 948.
12
Calculate the greatest common factor of 2279 and 371.
53
What is the greatest common factor of 99 and 66?
33
Calculate the highest common factor of 8 and 45424.
8
Calculate the highest common divisor of 100 and 225.
25
Calculate the greatest common divisor of 38252 and 292.
292
Calculate the greatest common divisor of 295 and 767.
59
What is the greatest common divisor of 118 and 60062?
118
What is the greatest common divisor of 2364 and 24?
12
What is the greatest common factor of 33 and 249?
3
Calculate the greatest common factor of 2623 and 61.
61
Calculate the highest common divisor of 3808 and 119.
119
Calculate the greatest common factor of 6856 and 8.
8
Calculate the highest common divisor of 27 and 55404.
27
What is the highest common factor of 1896 and 96?
24
Calculate the highest common factor of 476 and 612.
68
What is the highest common divisor of 530 and 60?
10
What is the greatest common factor of 4908 and 6?
6
What is the greatest common factor of 78 and 6435?
39
Calculate the greatest common divisor of 41 and 369.
41
What is the highest common divisor of 12337 and 365?
73
Calculate the highest common factor of 1127 and 8533.
161
What is the greatest common factor of 198 and 19206?
198
Calculate the greatest common divisor of 645 and 255.
15
Calculate the greatest common divisor of 319 and 44.
11
What is the greatest common factor of 384 and 144?
48
Calculate the greatest common factor of 888 and 12.
12
Calculate the highest common divisor of 940 and 423.
47
What is the highest common divisor of 10608 and 16?
16
Calculate the highest common factor of 629 and 918.
17
What is the highest common factor of 136 and 152?
8
What is the highest common factor of 54 and 522?
18
Calculate the greatest common divisor of 22036 and 28.
28
Calculate the greatest common divisor of 6 and 834.
6
What is the greatest common factor of 459 and 51?
51
What is the highest common factor of 7 and 7?
7
Calculate the greatest common divisor of 90365 and 341.
341
Calculate the highest common divisor of 2580 and 15.
15
What is the greatest common divisor of 238 and 4879?
119
Calculate the greatest common divisor of 39390 and 39.
39
Calculate the greatest common divisor of 116 and 2291.
29
Calculate the highest common factor of 84 and 182.
14
Calculate the greatest common factor of 78 and 780.
78
Calculate the greatest common divisor of 96 and 752.
16
What is the greatest common factor of 12 and 204?
12
Calculate the highest common factor of 126 and 273.
21
What is the highest common divisor of 29326 and 62?
62
Calculate the greatest common divisor of 45 and 5.
5
What is the greatest common factor of 1817 and 184?
23
What is the highest common factor of 33 and 51?
3
What is the highest common divisor of 4 and 313?
1
Calculate the highest common divisor of 1152 and 252.
36
What is the greatest common divisor of 1053 and 65?
13
What is the greatest common factor of 152 and 5092?
76
Calculate the highest common divisor of 606 and 1616.
202
What is the greatest common factor of 29 and 145?
29
What is the highest common factor of 364 and 52?
52
Calculate the highest common factor of 186 and 1023.
93
Calculate the highest common factor of 114 and 9063.
57
What is the highest common divisor of 38 and 6?
2
Calculate the greatest common factor of 396 and 6600.
132
What is the greatest common factor of 12642 and 84?
42
Calculate the highest common factor of 29 and 232.
29
What is the highest common factor of 53 and 13621?
53
What is the greatest common factor of 28 and 350?
14
What is the highest common factor of 585 and 1677?
39
What is the highest common divisor of 21029 and 17?
17
What is the highest common divisor of 312 and 1638?
78
Calculate the highest common divisor of 16 and 128.
16
What is the greatest common factor of 337 and 3?
1
What is the highest common factor of 232 and 4930?
58
Calculate the highest common divisor of 28 and 70.
14
What is the greatest common divisor of 144 and 18?
18
What is the highest common factor of 13866 and 30?
6
Calculate the highest common factor of 525 and 504.
21
What is the greatest common factor of 50 and 90?
10
Calculate the greatest common divisor of 45 and 375.
15
What is the highest common factor of 411 and 18?
3
What is the greatest common divisor of 130 and 110?
10
What is the highest common divisor of 434 and 14?
14
What is the greatest common factor of 40 and 125?
5
Calculate the greatest common factor of 650 and 26.
26
What is the greatest common factor of 130 and 338?
26
What is the highest common factor of 77 and 880?
11
Calculate the greatest common factor of 1649 and 97.
97
What is the highest common factor of 171 and 4940?
19
Calculate the highest common factor of 2565 and 15.
15
What is the greatest common factor of 2870 and 70?
70
What is the greatest common factor of 9